 = 5*d. Let k be (10 - 2)/(-32) + d/8. Let w be 3 - ((-20)/4 + 1 + k). Calculate the highest common divisor of w and 308.
11
Let c = 8087 - 6282. What is the highest common divisor of c and 19?
19
Let g(p) = 31*p - 18. Let t be g(3). Suppose 0 = n - 31 - 14. Calculate the highest common factor of n and t.
15
Suppose -2560 = -430*s + 215*s + 199*s. Calculate the greatest common factor of s and 440.
40
Let h = 6243 + -5778. What is the highest common divisor of 45 and h?
15
Suppose 421*i - 441*i + 1520 = 0. Suppose -v + g + 2*g = -412, 2*g + 1250 = 3*v. What is the highest common divisor of v and i?
38
Suppose 2*s - 40 = -2*q, 6*q - 5*s - 125 = 2*q. Suppose 511 = -4*v + 911. Calculate the greatest common factor of q and v.
25
Suppose 111*a - 116*a + 1196 = 3*l, 840 = 2*l - 2*a. What is the highest common divisor of 4841 and l?
103
Suppose -3*h - 14 = -t - 8*h, 13 = -4*t + 3*h. Let a = 9 + t. Suppose 5*b - 8 = 2. What is the highest common divisor of a and b?
2
Let n(y) = -y**2 + 428*y + 1738. Let g be n(-4). What is the highest common factor of 18010 and g?
10
Let u be (39 + -32)*6*34/28. Suppose s - 2*s + 8 = 0. Let j(m) = m + 9. Let z be j(s). What is the greatest common factor of u and z?
17
Let d(b) = 52*b - 95. Let o be (-2)/21 + (-1364)/(-651). Let k be d(o). Calculate the highest common divisor of 7 and k.
1
Let v(c) = -4*c + 13 + 2 - 2*c + 7*c. Let y be v(-5). Calculate the highest common factor of y and 6.
2
Let p be 38/(2/(-8)*2). Let w be (-77)/2*p/133. What is the highest common factor of w and 22?
22
Let h(u) = -42*u - 1434. Let m be h(-39). Calculate the highest common factor of 66 and m.
6
Suppose 2*u - 199*g - 676 = -194*g, g + 692 = 2*u. What is the highest common factor of 252 and u?
12
Suppose -3*n = -12, 5*h - 199 = 9*n - 5*n. Suppose 7*q + h = 2*v + 8*q, -23 = -v - q. Calculate the greatest common factor of v and 5.
5
Suppose 11*v = 7*v - 3*g + 79, 5*v = -5*g + 95. Suppose 4*q - q + 9 = -5*y, 4*y = 5*q - v. Calculate the highest common factor of q and 2.
2
Suppose 203037 = 303*w + 50325. Calculate the highest common divisor of w and 45.
9
Let v = -1 + 41. Let h(w) = w**2 - w + 4. Let o be h(0). Suppose -x + v = o*x. What is the greatest common divisor of 24 and x?
8
Suppose -7*r + 15*r - 3336 = 0. Suppose -5*m - r = 93. Let x = -73 - m. Calculate the highest common divisor of x and 145.
29
Suppose -3*l + 195 = -180. Suppose 67*k - 7248 = -38*k + 3252. What is the highest common factor of l and k?
25
Let y(r) = -171*r + 1625. Let p be y(5). What is the greatest common divisor of 44 and p?
22
Let u(g) = 1902*g + 3808. Let q be u(-2). What is the greatest common divisor of q and 794?
2
Suppose 36*q = 5*u + 40*q - 8458, 0 = 3*q - 21. Calculate the greatest common divisor of u and 30.
6
Suppose 1614 = 5*i - p, -134 = 5*i - 3*p - 1736. What is the greatest common factor of 1998 and i?
54
Suppose 9*u - 30*u - 1974 = 0. Let q = -20 - u. What is the highest common factor of 148 and q?
74
Suppose 4*u - 24*p = 28, -9*u + 7*u + 14 = 3*p. What is the highest common factor of 19 and u?
1
Let m(j) = -228*j - 2295. Let d be m(-11). What is the greatest common factor of d and 1136?
71
Let o(k) = -462*k + 4885. Let c be o(8). What is the highest common divisor of c and 754?
29
Let c be 14/8*(-54)/(-14)*4. Suppose 17*l - 23404 = -8716. What is the highest common factor of l and c?
27
Let w(g) = -2*g**2 - 27*g - 60. Let h be w(-4). What is the greatest common divisor of 2984 and h?
8
Let p = -1750 + 1834. What is the greatest common divisor of p and 10773?
21
Suppose 7*n - 5 = 2*n. Let o = -220 + 223. Suppose -2*c - 4 = 4*i, o*c - 7 + 4 = -3*i. What is the greatest common divisor of n and c?
1
Let p(b) = -2*b**3 - 49*b**2 - 8*b + 68. Let y be p(-26). What is the greatest common factor of y and 9?
9
Let l be 138*1*(-10)/(-10). Let q(n) = -90*n - 21094. Let v be q(-240). Calculate the highest common divisor of v and l.
46
Suppose 0 = 5*q + 5*p - 186 - 14, -3*p - 114 = -3*q. Calculate the highest common divisor of q and 3.
3
Let b(a) = -5*a - 151. Let c be b(-40). Suppose c*q = 56*q - 105. Let j = 117 - -33. What is the greatest common divisor of j and q?
15
Suppose 0 = 3*h + 2*m - 82, -264*h - 4*m = -266*h + 28. What is the greatest common divisor of h and 376?
8
Suppose 22*y - 17*y - p = 1, -2*p - 2 = 0. Let d(t) = 13*t + 52. Let s be d(y). Calculate the greatest common divisor of s and 44.
4
Suppose 11*s - 10*s - 29 = 0. Let i(d) = -84*d - 5. Let l be i(-8). Calculate the greatest common factor of l and s.
29
Let p(z) = 2596*z + 18212. Let j be p(-7). Let w(n) = n**2 + n - 2. Let x be w(6). What is the greatest common divisor of j and x?
40
Suppose 0 = 5*m - 51 + 6. Let q = 16 - m. Let w(d) = 2*d**3 - 2*d**2 + 3*d - 10. Let a be w(3). Calculate the greatest common factor of q and a.
7
Suppose c = -c + 28. Let f = 47 - 92. Let n = 80 + f. What is the greatest common factor of c and n?
7
Let x be (-30)/((20/(-4))/(-5)). Let h be x/(-2 - 12/(-8)). What is the greatest common divisor of 135 and h?
15
Let z(l) = -4*l**3 - 5*l**2 - 2*l - 6. Let p be z(-4). Let i = 270 - p. Calculate the greatest common divisor of 138 and i.
46
Suppose 4*f - 15 + 3 = 0. Let t(u) = 2*u**3 - u**2 - 2*u - 9. Let j be t(f). What is the greatest common factor of 960 and j?
30
Let i = 7417 + -7237. Let h = 170 - 50. Calculate the highest common divisor of i and h.
60
Suppose 21*q - 5060 = -6*q + 6226. Calculate the highest common factor of q and 266.
38
Suppose -13 - 119 = -6*h. Suppose 0 = -h*j + 227 + 15. Let d be (-306)/(-7) + (-4)/(-14). What is the greatest common divisor of j and d?
11
Let h(p) = 11*p**2 - 51*p + 105. Let g be h(10). Calculate the highest common divisor of g and 834.
139
Suppose 0 = -5*h - 5*o + 120, -2*h + 3*o = -58 + 15. What is the greatest common divisor of 4117 and h?
23
Let v be 1836/(-16) + 1/(-4). Suppose -11043 - 6375 = -157*m + 9586. Let d = m + v. Calculate the greatest common divisor of 76 and d.
19
Let b(c) = 14*c - 151. Let a = -833 - -862. Let k be b(a). What is the greatest common divisor of 30 and k?
15
Let r(c) = -22*c - 239. Let f be r(-11). Suppose o - 38 = -6*z + 5*z, -106 = -f*z + o. Calculate the highest common factor of 54 and z.
18
Let t(y) = 3*y**2 + 4*y + 1. Let j be t(-2). Suppose 3*n + 48 = 4*w, -5*w + 0*n = -j*n - 65. Calculate the highest common divisor of w and 5.
1
Let w be 528/90 + 9*(-10)/(-675). What is the greatest common factor of w and 717?
3
Let g(j) = 8*j - 2. Let r be g(7). Suppose 50*t + 88 = r*t. What is the highest common factor of t and 99?
11
Let y be (0 + 2)/2 + 37. Suppose -3*q = q - 12*q. Suppose -5*n + 42 + 148 = q. Calculate the greatest common divisor of y and n.
38
Suppose -2*u + 0*h = h - 342, u = 5*h + 149. Let f = u - 161. What is the greatest common factor of f and 128?
8
Let l be -12*(-2)/6*2 - -32. What is the highest common divisor of 152 and l?
8
Let y be (-13)/(0 - (-1)/(-2)). Let j = 53 + -52. Let o(n) = 14*n**3 + n**2 - 5*n + 3. Let m be o(j). What is the highest common divisor of y and m?
13
Suppose 0 = -q + 6*q - 230. Let l = -340 + 681. Suppose 277 = 4*h + v, 5*h + 0*v - 4*v = l. What is the highest common factor of q and h?
23
Let n(h) = -6*h**3 - h**2 + 5*h + 9. Let q be n(-2). Suppose 0 = 2*v + 34 + 36. Let w = v + q. Calculate the highest common factor of 8 and w.
8
Suppose 0 = -7*a - 60 - 535. Let w = 133 + a. What is the highest common factor of w and 30?
6
Let a(z) = z**2 + 10*z + 3. Let v = -15 - -5. Let w be a(v). Suppose -w*p - 8 = -134. Calculate the greatest common divisor of p and 6.
6
Suppose 1293*a - 1292*a = -5*w + 2065, -25 = 5*w. Calculate the greatest common factor of a and 323.
19
Let c be ((-10)/6 - -2)/((-100)/(-6300)). What is the greatest common factor of c and 1750?
7
Let o(f) = -23*f - 15. Let r = 55 + -50. Suppose -8*l + 9*l + r = 0. Let g be o(l). Calculate the greatest common divisor of g and 25.
25
Let d(u) = 30 + 22 - 1668*u + 1660*u. Let l be d(0). Let n be 2 + -4 - 1*-106. What is the greatest common divisor of l and n?
52
Suppose 10*z + 23 = 11*z + 3*c, 4*c - 82 = -5*z. Let s = z - 8. Calculate the highest common divisor of s and 294.
6
Let h = 644 - 599. Suppose -76 = -g + 5*i, -5*g + 49*i + 401 = h*i. Calculate the highest common divisor of g a